5) in base 4?
-320133210101
2140124323 (base 5) to base 11
2671903
-11010101101100011 (base 2) to base 3
-12120002021
What is -210221011112 (base 3) in base 2?
-1101001011001001010
Convert 2232264 (base 8) to base 13.
1817bc
What is 2406021 (base 7) in base 6?
10310103
What is -128713b (base 14) in base 15?
-bb6799
Convert fbfdef (base 16) to base 6.
1345544115
Convert -3025395 (base 10) to base 5.
-1233303040
What is -2146554 (base 7) in base 3?
-111102012200
Convert 1903233 (base 10) to base 7.
22114533
What is -1021000102022 (base 3) in base 11?
-418031
What is 5c6fda (base 16) in base 15?
7e9e31
Convert -131722 (base 11) to base 4.
-302211020
What is 43de8 (base 16) in base 5?
32343432
What is 22833426 (base 9) in base 14?
1697a2a
10001010111001100010011 (base 2) to base 4
101113030103
Convert -4b7529 (base 15) to base 5.
-1411303124
Convert 445031252 (base 6) to base 15.
a97beb
What is 4390026 (base 10) in base 2?
10000101111110010001010
Convert 100101120102 (base 3) to base 16.
2d215
Convert 1747436 (base 8) to base 6.
14545154
-14364855 (base 10) to base 4
-312303002313
18cca2 (base 13) to base 4
2121121101
Convert -76a23 (base 16) to base 5.
-111022143
21022321121 (base 4) to base 3
11112010120102
Convert -39081b (base 13) to base 8.
-5170220
Convert -1001011110010000100110 (base 2) to base 4.
-21132100212
61500 (base 9) to base 11
28479
4097746 (base 11) to base 16
6e4b43
1011010101000001111010 (base 2) to base 9
5525621
What is -110011120122 (base 3) in base 12?
-b6752
Convert 2d842b (base 14) to base 12.
650807
What is -32111224 (base 5) in base 8?
-1016374
What is -3ba017 (base 12) in base 10?
-991891
-4b53a (base 13) to base 8
-420051
What is -18281 (base 14) in base 7?
-342321
100100011010000011011 (base 2) to base 12
496477
-d68c4 (base 14) to base 8
-1762754
1415244013 (base 6) to base 16
1087329
What is 53165225 (base 7) in base 8?
21134233
Convert -b2556c (base 13) to base 12.
-1483615
Convert 202310330323 (base 4) to base 9.
18154637
10152740 (base 8) to base 4
20031113200
Convert -459394 (base 11) to base 9.
-1332148
What is 4443432442 (base 5) in base 2?
100101001100001010000010
413613 (base 7) to base 8
212462
Convert -800450 (base 11) to base 10.
-1288947
10111000110100101001 (base 2) to base 7
6302044
Convert -120000011300 (base 4) to base 16.
-600170
What is 1203201201 (base 4) in base 6?
12423133
What is -2423231 (base 5) in base 11?
-31160
Convert 1592b (base 14) to base 12.
2726b
652ca (base 14) to base 2
111011110000110010
-2d844 (base 16) to base 3
-100110202001
Convert 110133220 (base 5) to base 3.
220002110102
Convert 31a3c4 (base 15) to base 5.
1101111414
What is -2213410 (base 5) in base 13?
-14758
What is -cf95d (base 16) in base 14?
-181c17
-13245114 (base 7) to base 2
-100101010001101101011
What is 55656 (base 11) in base 6?
1421211
What is 50a26 (base 12) in base 6?
2130450
What is -1292886 (base 10) in base 7?
-13663230
Convert -3238043 (base 9) to base 14.
-333531
-134089 (base 11) to base 6
-4302015
14504332 (base 7) to base 9
2532547
-133316 (base 9) to base 10
-81177
Convert 69bb93 (base 15) to base 7.
60636510
-38965 (base 14) to base 15
-2b303
-9a059 (base 13) to base 2
-1000100001000110101
What is -433401 (base 5) in base 4?
-3220003
-52cb9b (base 14) to base 12
-b31071
What is -111828 (base 10) in base 2?
-11011010011010100
Convert 226e9 (base 15) to base 16.
1ac01
24302101 (base 5) to base 14
5d345
-10102100221222 (base 3) to base 5
-431134343
Convert -1030332323 (base 4) to base 8.
-1147673
Convert 9a92c9 (base 13) to base 15.
4c0b33
Convert 10010011010111110011 (base 2) to base 14.
119dab
What is -29b8329 (base 12) in base 13?
-199cb96
-843bb (base 15) to base 12
-18281b
What is -361434 (base 7) in base 3?
-10022200220
What is 13242342 (base 5) in base 11?
91827
Convert -111110111001011111110 (base 2) to base 9.
-3781210
2432bc (base 14) to base 12
4b85b2
What is -dde1 (base 15) in base 11?
-32358
What is 111001000100101011 (base 2) in base 13?
82535
Convert a645 (base 16) to base 2.
1010011001000101
Convert -4a5a70a (base 11) to base 10.
-8784126
534948 (base 14) to base 2
1010101111110010010100
-104331441 (base 5) to base 10
-464621
Convert -1011001110101110 (base 2) to base 11.
-31617
Convert -c1b29 (base 16) to base 6.
-25001025
21112110110010 (base 3) to base 7
46016403
Convert 644c1 (base 14) to base 6.
5110201
1a5870 (base 12) to base 2
1110001110010010100
Convert 140361651 (base 7) to base 11.
5172396
What is b9b7b (base 13) in base 2?
1010010000000100001
Convert -1b122c (base 14) to base 3.
-1210221210000
What is -23146 (base 10) in base 2?
-101101001101010
-1101111000111000001100 (base 2) to base 4
-31320320030
Convert -28b5a (base 12) to base 14.
-16a7c
What is -223002012 (base 4) in base 7?
-1332612
Convert b36c (base 16) to base 5.
2432212
Convert 128185 (base 10) to base 15.
27eaa
22222110110 (base 3) to base 7
1334214
Convert -1100111110000111 (base 2) to base 15.
-10b1c
Convert -273526 (base 8) to base 12.
-47732
-92590 (base 14) to base 11
-220798
What is 100100110110010000000010 (base 2) in base 9?
20152170
Convert -204073 (base 11) to base 7.
-2532554
Convert 2517603 (base 8) to base 4.
2221332003
What is 23819 (base 15) in base 9?
182246
Convert -1211001010220 (base 3) to base 13.
-27a4ac
100112121002 (base 3) to base 11
1190a6
10101001001001101010 (base 2) to base 11
4335a7
-21586513 (base 9) to base 5
-10133344103
Convert -12502b6 (base 12) to base 6.
-204521550
3a7525 (base 11) to base 13
195113
Convert -9a818 (base 16) to base 10.
-632856
6032262 (base 7) to base 2
10101110010011000101
What is -1676314 (base 8) in base 2?
-1110111110011001100
46443026 (base 7) to base 14
7821bd
What is -2434764 (base 8) in base 7?
-5460632
-4544634 (base 7) to base 4
-2022022212
Convert 8a4191 (base 12) to base 7.
24513046
Convert -1121563 (base 7) to base 12.
-68b57
What is -2446518 (base 9) in base 3?
-2111120120122
Convert 40399e (base 15) to base 9.
5657475
1735203 (base 11) to base 9
5485250
-156074 (base 8) to base 3
-2212100011
What is -312223030020 (base 4) in base 9?
-28864660
What is 371025 (base 10) in base 12?
15a869
221001110122212 (base 3) to base 2
110010110010101101111010
Convert -11110001100001 (base 2) to base 14.
-58c1
242434204 (base 6) to base 9
8603254
Convert -2314154 (base 6) to base 12.
-5895a
Convert 522a8 (base 12) to base 11.
73895
-14cba72 (base 14) to base 16
-9b3e74
What is 1110001111011111111 (base 2) in base 3?
212201011201
Convert -10001111100110000001 (base 2) to base 5.
-122310121
What is -10442a1 (base 12) in base 13?
-839287
What is -77bb (base 15) in base 4?
-12030200
8a7002 (base 13) to base 3
20011012102120
516609 (base 10) to base 7
4251102
Convert 302140 (base 5) to base 15.
2cea
What is -1072688 (base 10) in base 7?
-12055241
Convert -5824935 (base 10) to base 7.
-100340214
What is 402511051 (base 6) in base 14?
ca522b
What is -2935b9 (base 15) in base 11?
-1136a62
What is -146560 (base 9) in base 10?
-90126
Convert 11101100100011101001 (base 2) to base 7.
11143614
What is -10b98b (base 16) in base 4?
-10023212023
Convert 566474 (base 8) to base 6.
4035552
What is -46531 (base 8) in base 5?
-1113201
Convert 10110010010001011 (base 2) to base 7.
530052
Convert 139137 (base 12) to base 9.
547227
What is -15566653 (base 8) in base 5?
-1410143122
Convert -a9aa4c (base 16) to base 12.
-3882864
2fda2 (base 16) to base 6
4111230
Convert 3cca (base 16) to base 7.
63241
What is -1102200001100 (base 3) in base 13?
-208581
-52a188a (base 11) to base 2
-100011100101100001001010
Convert -11220011121 (base 3) to base 11.
-66433
1013420 (base 6) to base 9
73783
1302224233 (base 5) to base 9
5852558
10111110110010100111010 (base 2) to base 10
6251834
What is -1001011011001111011000 (base 2) in base 6?
-124543120
What is -14030250 (base 6) in base 7?
-3666603
Convert -8536 (base 10) to base 12.
-4b34
83b6 (base 16) to base 3
1201020211
2d9b7 (base 15) to base 7
1152340
Convert -3c27c (base 14) to base 5.
-14224203
Convert de09b (base 16) to base 12.
37a38b
What is -2352553 (base 7) in base 2?
-1001000111011000101
Convert -3412513 (base 7) to base 14.
-b04b3
Convert -278878 (base 10) to base 2.
-1000100000101011110
What is -4761a (base 12) in base 11?
-6608